6.
23
What is the remainder when 97685 is divided by 1855?
1225
What is the remainder when 18794647 is divided by 1891?
1889
Calculate the remainder when 10178645 is divided by 132189.
92
Calculate the remainder when 2979193 is divided by 2979150.
43
What is the remainder when 35167010 is divided by 35166970?
40
Calculate the remainder when 2054088 is divided by 254.
244
What is the remainder when 201429 is divided by 341?
239
What is the remainder when 1860204 is divided by 2?
0
Calculate the remainder when 647553 is divided by 68.
57
Calculate the remainder when 4428147 is divided by 265.
262
Calculate the remainder when 131594 is divided by 564.
182
What is the remainder when 649656 is divided by 2609?
15
Calculate the remainder when 15639233 is divided by 197.
191
Calculate the remainder when 2002689 is divided by 472.
465
What is the remainder when 138482 is divided by 624?
578
What is the remainder when 6371171 is divided by 67777?
133
Calculate the remainder when 341689518 is divided by 93.
78
What is the remainder when 2850486 is divided by 712610?
46
What is the remainder when 556830 is divided by 278412?
6
What is the remainder when 898061 is divided by 166?
1
Calculate the remainder when 60622781 is divided by 71.
70
What is the remainder when 72635 is divided by 1105?
810
Calculate the remainder when 721860 is divided by 26727.
231
Calculate the remainder when 26683 is divided by 2621.
473
Calculate the remainder when 295197 is divided by 48.
45
What is the remainder when 4716344 is divided by 1092?
1088
Calculate the remainder when 4596249 is divided by 148.
109
Calculate the remainder when 523300287 is divided by 347.
344
Calculate the remainder when 597963 is divided by 298961.
41
Calculate the remainder when 753139510 is divided by 1566.
1564
Calculate the remainder when 38095 is divided by 11975.
2170
What is the remainder when 442070 is divided by 204?
2
Calculate the remainder when 562780 is divided by 43.
39
What is the remainder when 8362982 is divided by 1959?
11
Calculate the remainder when 114690574 is divided by 264.
262
What is the remainder when 546533 is divided by 452?
65
Calculate the remainder when 2298255 is divided by 24.
15
What is the remainder when 9224008 is divided by 1879?
1876
Calculate the remainder when 8653752 is divided by 879.
876
What is the remainder when 47825 is divided by 47677?
148
What is the remainder when 9092588 is divided by 4?
0
What is the remainder when 1042512 is divided by 1458?
42
Calculate the remainder when 93337 is divided by 13333.
6
Calculate the remainder when 1788663 is divided by 259.
9
Calculate the remainder when 1276121 is divided by 298.
85
Calculate the remainder when 2268352 is divided by 527.
144
What is the remainder when 2307650 is divided by 288437?
154
What is the remainder when 535480342 is divided by 1368?
1366
What is the remainder when 251374 is divided by 125248?
878
What is the remainder when 12849733 is divided by 38?
33
Calculate the remainder when 12760757 is divided by 18.
17
What is the remainder when 40845 is divided by 1028?
753
What is the remainder when 2437151 is divided by 533?
275
Calculate the remainder when 562218 is divided by 3878.
3786
Calculate the remainder when 344731 is divided by 1865.
1571
Calculate the remainder when 164300 is divided by 3905.
290
What is the remainder when 12069062 is divided by 23?
19
Calculate the remainder when 1283075 is divided by 14808.
9587
Calculate the remainder when 711106131 is divided by 1587.
1584
What is the remainder when 3537296 is divided by 2053?
2030
What is the remainder when 48486 is divided by 1629?
1245
What is the remainder when 77341 is divided by 19314?
85
Calculate the remainder when 1743932 is divided by 161.
141
Calculate the remainder when 2792124 is divided by 1101.
1089
Calculate the remainder when 179368 is divided by 12790.
308
Calculate the remainder when 747489 is divided by 53379.
183
What is the remainder when 9710799 is divided by 112?
63
What is the remainder when 9554914 is divided by 1364986?
12
What is the remainder when 505655 is divided by 4696?
3183
Calculate the remainder when 427306 is divided by 719.
220
What is the remainder when 307178 is divided by 307143?
35
Calculate the remainder when 36068 is divided by 2534.
592
Calculate the remainder when 201068667 is divided by 1948.
3
Calculate the remainder when 153431 is divided by 3480.
311
What is the remainder when 90929 is divided by 5590?
1489
Calculate the remainder when 473314 is divided by 78455.
2584
Calculate the remainder when 14211753 is divided by 5.
3
What is the remainder when 211043046 is divided by 8?
6
Calculate the remainder when 6067415 is divided by 6223.
6213
Calculate the remainder when 10483 is divided by 840.
403
Calculate the remainder when 411213 is divided by 30.
3
Calculate the remainder when 74700703 is divided by 775.
3
Calculate the remainder when 6761954 is divided by 273.
17
What is the remainder when 5951156 is divided by 1376?
1332
Calculate the remainder when 71247 is divided by 361.
130
Calculate the remainder when 1853366 is divided by 4251.
4181
What is the remainder when 1285771037 is divided by 1208?
1205
Calculate the remainder when 19384186 is divided by 8815.
1
What is the remainder when 2720615 is divided by 945?
905
Calculate the remainder when 13629125 is divided by 4543041.
2
What is the remainder when 35470848 is divided by 3941202?
30
Calculate the remainder when 1151510 is divided by 287852.
102
Calculate the remainder when 94339 is divided by 2481.
61
What is the remainder when 498629 is divided by 1449?
173
What is the remainder when 60744868 is divided by 45?
43
What is the remainder when 3516420 is divided by 3485?
55
What is the remainder when 3947839 is divided by 2920?
2919
Calculate the remainder when 4752114 is divided by 507.
3
Calculate the remainder when 8745 is divided by 8644.
101
Calculate the remainder when 6177552 is divided by 32859.
60
What is the remainder when 4023251 is divided by 62?
9
Calculate the remainder when 144429 is divided by 788.
225
What is the remainder when 24990897 is divided by 33863?
3
What is the remainder when 863607 is divided by 18?
3
Calculate the remainder when 17390671 is divided by 692.
19
What is the remainder when 43652669 is divided by 2297508?
17
Calculate the remainder when 27785 is divided by 5358.
995
What is the remainder when 410139 is divided by 2513?
520
What is the remainder when 535756 is divided by 1996?
828
What is the remainder when 456402 is divided by 328?
154
What is the remainder when 4470627 is divided by 291?
285
What is the remainder when 103424 is divided by 4406?
2086
What is the remainder when 383266223 is divided by 662?
661
Calculate the remainder when 147028 is divided by 150.
28
Calculate the remainder when 35409919 is divided by 32.
31
Calculate the remainder when 4866695 is divided by 69.
56
Calculate the remainder when 9136923 is divided by 3610.
13
What is the remainder when 5229727 is divided by 307?
289
What is the remainder when 224938 is divided by 1323?
28
What is the remainder when 23899 is divided by 2136?
403
Calculate the remainder when 3564272 is divided by 997.
994
Calculate the remainder when 239953 is divided by 79848.
409
Calculate the remainder when 7696472 is divided by 38.
28
What is the remainder when 35532 is divided by 16854?
1824
Calculate the remainder when 619192917 is divided by 30.
27
Calculate the remainder when 22610069 is divided by 2826234.
197
Calculate the remainder when 48659541 is divided by 150.
141
Calculate the remainder when 40177486 is divided by 67.
65
Calculate the remainder when 5478028 is divided by 7403.
7211
What is the remainder when 831520 is divided by 644?
116
What is the remainder when 97876 is divided by 31147?
4435
Calculate the remainder when 341475 is divided by 2914.
537
What is the remainder when 51525 is divided by 86?
11
Calculate the remainder when 752058 is divided by 49.
6
Calculate the remainder when 536435 is divided by 4127.
4052
Calculate the remainder when 201070 is divided by 715.
155
What is the remainder when 109500938 is divided by 26565?
8
What is the remainder when 59912 is divided by 3715?
472
Calculate the remainde